
False
Is 844525200 a multiple of 20?
True
Is 177 a factor of 17826149?
False
Is 53 a factor of 73782333?
False
Does 28 divide 3646084?
False
Does 338 divide 291462132?
True
Is 362931716 a multiple of 48?
False
Is 7 a factor of 436357329?
False
Does 8 divide 686979266?
False
Is 292400562 a multiple of 1682?
True
Does 128 divide 12041600?
True
Is 1201 a factor of 243092008?
True
Is 167 a factor of 166563928?
False
Does 225 divide 538163070?
False
Does 15 divide 19095312?
False
Does 301 divide 18562670?
True
Is 201430132 a multiple of 114?
False
Is 27 a factor of 3229977627?
True
Is 256 a factor of 1128844892?
False
Is 80 a factor of 38054240?
True
Is 115 a factor of 350682495?
True
Is 18082400 a multiple of 400?
True
Is 583409180 a multiple of 6?
False
Does 159 divide 2603466?
True
Does 24 divide 2253561408?
True
Is 363 a factor of 32288408?
False
Is 77 a factor of 184438793?
True
Does 357 divide 252128751?
True
Is 5991992 a multiple of 33?
False
Is 21689823 a multiple of 2?
False
Is 50 a factor of 963348700?
True
Is 139 a factor of 126308049?
True
Is 48743510 a multiple of 215?
True
Is 1374039428 a multiple of 250?
False
Does 1288 divide 1094708552?
True
Is 6322 a factor of 100627274?
True
Is 1337532075 a multiple of 9405?
True
Does 855 divide 35934795?
True
Is 762313038 a multiple of 2194?
False
Is 16949579 a multiple of 11?
False
Is 1068 a factor of 36432393?
False
Is 594843804 a multiple of 306?
True
Is 10101638 a multiple of 1493?
True
Does 1008 divide 324491902?
False
Does 169 divide 22859867?
False
Does 549 divide 404239680?
True
Does 6 divide 776228994?
True
Is 180 a factor of 10037520?
True
Is 2729472 a multiple of 128?
True
Is 1551592518 a multiple of 21?
True
Is 2605126846 a multiple of 6418?
False
Is 636 a factor of 202310328?
True
Does 243 divide 29412477?
True
Is 20 a factor of 1920493461?
False
Is 1705 a factor of 819030692?
False
Does 56 divide 351583038?
False
Does 12 divide 110912030?
False
Is 2022811524 a multiple of 85?
False
Does 10 divide 201227960?
True
Is 754 a factor of 136494378?
False
Does 5085 divide 306617835?
False
Does 34 divide 2074488701?
False
Does 98 divide 1090120?
False
Does 880 divide 56679833?
False
Does 349 divide 68593158?
True
Does 4216 divide 165631468?
False
Is 181396156 a multiple of 13?
False
Is 126520693 a multiple of 13?
True
Is 54254331 a multiple of 110?
False
Does 24 divide 263643240?
True
Is 5 a factor of 12324841?
False
Is 84088050 a multiple of 2775?
True
Is 485271426 a multiple of 815?
False
Is 143 a factor of 186764494?
False
Does 2195 divide 580603840?
True
Is 396 a factor of 1215973440?
True
Is 212612888 a multiple of 45?
False
Is 33 a factor of 600603597?
True
Does 25 divide 69964735?
False
Is 20414110 a multiple of 32?
False
Is 2594224 a multiple of 58?
True
Is 175576875 a multiple of 226?
False
Is 1252500 a multiple of 25?
True
Does 81 divide 1396516074?
False
Is 137 a factor of 278837799?
False
Is 14 a factor of 109845785?
False
Is 6696 a factor of 1169270265?
False
Is 35315378 a multiple of 97?
False
Is 1380131015 a multiple of 35?
False
Does 82 divide 30227897?
False
Is 33 a factor of 126278756?
False
Is 14 a factor of 7110186?
False
Does 23 divide 7169706?
False
Does 371 divide 14610157?
False
Is 2586349296 a multiple of 2470?
False
Is 66315354 a multiple of 64?
False
Is 12862656 a multiple of 978?
True
Does 11 divide 179763386?
True
Is 7823 a factor of 696317407?
True
Is 303274860 a multiple of 1860?
True
Does 845 divide 7994545?
True
Does 2 divide 22252203?
False
Is 36 a factor of 12566088?
True
Is 171 a factor of 28102995?
True
Is 548 a factor of 30713208?
True
Does 70 divide 1130623830?
True
Does 1558 divide 1419213360?
True
Does 2210 divide 63822590?
True
Is 4240871768 a multiple of 3688?
True
Does 417 divide 1220791061?
False
Does 16 divide 10774272?
True
Is 2341 a factor of 14438341?
False
Is 35 a factor of 1607585?
True
Is 370172750 a multiple of 125?
True
Is 138632 a multiple of 344?
True
Does 104 divide 19230952?
True
Does 27 divide 256649995?
False
Does 380 divide 51449319?
False
Is 886 a factor of 950013856?
False
Is 2644 a factor of 19208660?
True
Is 124518284 a multiple of 438?
False
Is 37043908 a multiple of 44?
True
Does 894 divide 1441026084?
True
Does 135 divide 80690175?
True
Does 15 divide 1315349265?
True
Does 8569 divide 683497716?
True
Does 148 divide 3228324?
True
Is 686608434 a multiple of 2451?
True
Is 803 a factor of 11512881?
False
Is 50 a factor of 14188608?
False
Does 52 divide 1950285688?
True
Is 17 a factor of 3278129752?
False
Is 351146790 a multiple of 9215?
True
Is 3950 a factor of 29707950?
True
Does 46 divide 97762666?
False
Is 1705 a factor of 78757489?
False
Is 357 a factor of 26000885?
False
Is 61 a factor of 20469892?
True
Does 11 divide 8320290?
True
Is 568 a factor of 324235416?
True
Is 15965035 a multiple of 404?
False
Is 7186374024 a multiple of 3148?
True
Does 885 divide 12652130?
False
Is 489868104 a multiple of 2937?
True
Does 1175 divide 185757985?
False
Is 779197152 a multiple of 248?
True
Does 225 divide 251868338?
False
Does 121 divide 27984616?
False
Is 7729 a factor of 1705457953?
True
Does 115 divide 23416575?
False
Is 269868648 a multiple of 712?
True
Does 32 divide 1226304?
True
Is 842 a factor of 53710213?
False
Is 5 a factor of 170859677?
False
Is 183 a factor of 161463455?
False
Does 10 divide 247213260?
True
Is 15 a factor of 1214607145?
False
Is 4 a factor of 1754203336?
True
Is 213465468 even?
True
Is 5 a factor of 28662490?
True
Does 15 divide 424202235?
True
Is 1485 a factor of 393210180?
True
Is 167685862 a multiple of 41?
False
Does 48 divide 89721733?
False
Is 71457079 a multiple of 110?
False
Is 1822 a factor of 1563882674?
False
Is 46 a factor of 937013606?
True
Does 12 divide 815904?
True
Is 279 a factor of 462035652?
False
Is 542 a factor of 5432319?
False
Is 916 a factor of 1300936176?
True
Does 101 divide 120569861?
True
Is 1249262266 a multiple of 492?
False
Is 65 a factor of 426794851?
False
Does 20 divide 31381600?
True
Does 85 divide 3855503?
False
Does 11 divide 68674198?
False
Is 87688398 a multiple of 434?
True
Is 14 a factor of 588133001?
False
Is 4 a factor of 23300619?
False
Is 514337031 a multiple of 1761?
True
Is 8 a factor of 353821576?
True
Is 59 a factor of 9025689?
False
Is 91753802 a multiple of 763?
True
Does 117 divide 30388129?
False
Does 28 divide 10961126?
False
Does 11 divide 1299496726?
True
Does 353 divide 38652088?
True
Is 4721785 a multiple of 5?
True
Is 115 a factor of 5019635?
True
Does 161 divide 1846586602?
True
Does 1535 divide 4888876?
False
Is 66 a factor of 10400478?
True
Does 346 divide 182358954?
True
Is 374371 a multiple of 7?
False
Does 20 divide 53041160?
True
Is 135999349 a multiple of 64?
False
Does 1068 divide 19929948?
True
Is 268 a factor of 210172056?
False
Does 972 divide 5576107392?
True
Is 38 a factor of 126735966?
True
Is 2084580 a multiple of 33?
False
Is 538191859 a multiple of 28?
False
Is 464403936 a multiple of 12?
True
Does 700 divide 26873830?
False
Is 65 a factor of 1141920?
True
Is 2333 a factor of 1137195187?
True
Does 2459 divide 379470421?
True
Is 32189884 a multiple of 6?
False
Is 2251 a factor of 11982240?
False
Does 1059 divide 2839796?
False
Is 47 a factor of 103951260?
False
Does 10 divide 1278250938?
False
Is 17486437 a multiple of 56?
False
Does 801 divide 7144920?
True
Is 140080402 a multiple of 420?
False
Is 288049362 a multiple of 3437?
False
Does 578 divide 67345998?
False
Is 8508206 a multiple of 322?
True
Does 52 divide 10817836?
False
Is 124964939 a multiple of 11?
True
Does 34 divide 37460469?
False
Does 28 divide 54760210?
False
Is 6 a factor of 1116480?
True
Does 3 divide 43300351?
False
Is 13 a factor of 79204245?
False
Is 97873817 a multiple of 104?
False
Is 91368270 a multiple of 1890?
True
Is 85940746 a multiple of 86?
True
Does 889 divide 35910266?
True
Does 7 divide 9237158?
True
Is 1590 a factor of 943168179?
False
Is 12621960 a multiple of 108?
True
Does 14 divide 9382982?
True
Is 3389772 a multiple of 7?
False
Is 165491200 a multiple of 560?
True
Does 7 divide 5269739?
False
Is 8 a factor of 1086826344?
True
Is 30 a factor of 2856067409?
False
Is 127744500 a multiple of 125?
True
Does 89 divide 4260062074?
True
Is 60